{"id":19,"date":"2023-04-23T05:05:18","date_gmt":"2023-04-23T03:05:18","guid":{"rendered":"https:\/\/societeparisrhumclub.com\/?page_id=19"},"modified":"2026-03-09T19:03:12","modified_gmt":"2026-03-09T18:03:12","slug":"mentions-legales","status":"publish","type":"page","link":"https:\/\/societeparisrhumclub.com\/?page_id=19","title":{"rendered":"Mentions l\u00e9gales"},"content":{"rendered":"<style>.kb-row-layout-id19_901ae2-4b > .kt-row-column-wrap{align-content:start;}:where(.kb-row-layout-id19_901ae2-4b > .kt-row-column-wrap) > .wp-block-kadence-column{justify-content:start;}.kb-row-layout-id19_901ae2-4b > .kt-row-column-wrap{column-gap:var(--global-kb-gap-md, 2rem);row-gap:var(--global-kb-gap-md, 2rem);padding-top:var(--global-kb-spacing-4xl, 8rem);padding-right:var(--global-kb-spacing-xs, 1rem);padding-bottom:var(--global-kb-spacing-sm, 1.5rem);padding-left:var(--global-kb-spacing-xs, 1rem);grid-template-columns:minmax(0, 1fr);}.kb-row-layout-id19_901ae2-4b > .kt-row-layout-overlay{opacity:0.30;}@media all and (max-width: 1024px){.kb-row-layout-id19_901ae2-4b > .kt-row-column-wrap{grid-template-columns:minmax(0, 1fr);}}@media all and (max-width: 767px){.kb-row-layout-id19_901ae2-4b > .kt-row-column-wrap{grid-template-columns:minmax(0, 1fr);}}<\/style><div class=\"kb-row-layout-wrap kb-row-layout-id19_901ae2-4b alignnone wp-block-kadence-rowlayout\"><div class=\"kt-row-column-wrap kt-has-1-columns kt-row-layout-equal kt-tab-layout-inherit kt-mobile-layout-row kt-row-valign-top\">\n<style>.kadence-column19_7874f3-cd > .kt-inside-inner-col,.kadence-column19_7874f3-cd > .kt-inside-inner-col:before{border-top-left-radius:0px;border-top-right-radius:0px;border-bottom-right-radius:0px;border-bottom-left-radius:0px;}.kadence-column19_7874f3-cd > .kt-inside-inner-col{column-gap:var(--global-kb-gap-sm, 1rem);}.kadence-column19_7874f3-cd > .kt-inside-inner-col{flex-direction:column;}.kadence-column19_7874f3-cd > .kt-inside-inner-col > .aligncenter{width:100%;}.kadence-column19_7874f3-cd > .kt-inside-inner-col:before{opacity:0.3;}.kadence-column19_7874f3-cd{position:relative;}@media all and (max-width: 1024px){.kadence-column19_7874f3-cd > .kt-inside-inner-col{flex-direction:column;justify-content:center;}}@media all and (max-width: 767px){.kadence-column19_7874f3-cd > .kt-inside-inner-col{flex-direction:column;justify-content:center;}}<\/style>\n<div class=\"wp-block-kadence-column kadence-column19_7874f3-cd\"><div class=\"kt-inside-inner-col\">\n<h2 class=\"wp-block-heading has-theme-palette-3-color has-text-color has-link-color wp-elements-4955bd6a1b660761cd5ba6cc4ad3b2c2\">Mentions l\u00e9gales<\/h2>\n\n\n\n<p>Le pr\u00e9sent site \u00ab\u00a0societeparisrhumclub.com\u00a0\u00bb est \u00e9dit\u00e9 par la soci\u00e9t\u00e9 Paris Rhum Club SAS au capital de \u2026 euros, immatricul\u00e9e au Registre du Commerce et des Soci\u00e9t\u00e9s de \u2026 sous le num\u00e9ro \u2026, dont le si\u00e8ge social est situ\u00e9 16 avenue de valquiou, BAT C8, 93290 Tremblay, France.<\/p>\n\n\n\n<p>H\u00e9bergement du site :<br>Notre site est h\u00e9berg\u00e9 par la soci\u00e9t\u00e9 Hostinger.<\/p>\n\n\n\n<p>Protection des donn\u00e9es personnelles :<br>Les donn\u00e9es personnelles collect\u00e9es sur le Site sont destin\u00e9es \u00e0 am\u00e9liorer l&rsquo;exp\u00e9rience utilisateur. Nous nous engageons \u00e0 respecter la vie priv\u00e9e de nos clients et \u00e0 prot\u00e9ger toutes les informations les concernant. Nous traitons ces donn\u00e9es conform\u00e9ment aux r\u00e9glementations en vigueur, notamment le R\u00e8glement g\u00e9n\u00e9ral sur la protection des donn\u00e9es (RGPD). Vous pouvez consulter notre politique de confidentialit\u00e9 pour en savoir plus sur la mani\u00e8re dont nous collectons, utilisons et prot\u00e9geons vos donn\u00e9es personnelles.<\/p>\n\n\n\n<p>Propri\u00e9t\u00e9 intellectuelle :<br>L&rsquo;ensemble du contenu du Site, y compris les textes, graphismes, logos, images, photographies, vid\u00e9os, sons, marques et autres \u00e9l\u00e9ments sont la propri\u00e9t\u00e9 exclusive de Paris Rhum Club ou de ses partenaires. Toute reproduction, repr\u00e9sentation, diffusion ou exploitation de ce contenu est strictement interdite sans l&rsquo;autorisation pr\u00e9alable de Paris Rhum Club ou de ses partenaires.<\/p>\n\n\n\n<p>Responsabilit\u00e9 :<br>Les informations contenues sur le Site sont fournies \u00e0 titre indicatif et ne sauraient engager la responsabilit\u00e9 de Paris Rhum Club en cas d&rsquo;erreur ou d&rsquo;omission. Nous ne saurions \u00eatre tenus responsables des dommages directs ou indirects r\u00e9sultant de l&rsquo;utilisation du Site ou des informations qu&rsquo;il contient.<\/p>\n\n\n\n<p>Droit applicable :<br>Les pr\u00e9sentes mentions l\u00e9gales sont r\u00e9gies par le droit fran\u00e7ais. En cas de litige, les tribunaux fran\u00e7ais seront seuls comp\u00e9tents.<\/p>\n\n\n\n<p>Pour toute question concernant le Site, vous pouvez nous contacter \u00e0 l&rsquo;adresse suivante : <a href=\"mailto:parisrhumclub@outlook.fr\">parisrhumclub@outlook.fr<\/a><\/p>\n<\/div><\/div>\n\n<\/div><\/div>","protected":false},"excerpt":{"rendered":"<p>Mentions l\u00e9gales Le pr\u00e9sent site \u00ab\u00a0societeparisrhumclub.com\u00a0\u00bb est \u00e9dit\u00e9 par la soci\u00e9t\u00e9 Paris Rhum Club SAS au capital de \u2026 euros, immatricul\u00e9e au Registre du Commerce et des Soci\u00e9t\u00e9s de \u2026 sous le num\u00e9ro \u2026, dont le si\u00e8ge social est situ\u00e9 16 avenue de valquiou, BAT C8, 93290 Tremblay, France. H\u00e9bergement du site :Notre site est&#8230;<\/p>\n","protected":false},"author":2,"featured_media":0,"parent":0,"menu_order":0,"comment_status":"closed","ping_status":"closed","template":"","meta":{"_kad_post_transparent":"","_kad_post_title":"","_kad_post_layout":"","_kad_post_sidebar_id":"","_kad_post_content_style":"","_kad_post_vertical_padding":"","_kad_post_feature":"","_kad_post_feature_position":"","_kad_post_header":false,"_kad_post_footer":false,"_kad_post_classname":"","footnotes":""},"class_list":["post-19","page","type-page","status-publish","hentry"],"_links":{"self":[{"href":"https:\/\/societeparisrhumclub.com\/index.php?rest_route=\/wp\/v2\/pages\/19","targetHints":{"allow":["GET"]}}],"collection":[{"href":"https:\/\/societeparisrhumclub.com\/index.php?rest_route=\/wp\/v2\/pages"}],"about":[{"href":"https:\/\/societeparisrhumclub.com\/index.php?rest_route=\/wp\/v2\/types\/page"}],"author":[{"embeddable":true,"href":"https:\/\/societeparisrhumclub.com\/index.php?rest_route=\/wp\/v2\/users\/2"}],"replies":[{"embeddable":true,"href":"https:\/\/societeparisrhumclub.com\/index.php?rest_route=%2Fwp%2Fv2%2Fcomments&post=19"}],"version-history":[{"count":4,"href":"https:\/\/societeparisrhumclub.com\/index.php?rest_route=\/wp\/v2\/pages\/19\/revisions"}],"predecessor-version":[{"id":229,"href":"https:\/\/societeparisrhumclub.com\/index.php?rest_route=\/wp\/v2\/pages\/19\/revisions\/229"}],"wp:attachment":[{"href":"https:\/\/societeparisrhumclub.com\/index.php?rest_route=%2Fwp%2Fv2%2Fmedia&parent=19"}],"curies":[{"name":"wp","href":"https:\/\/api.w.org\/{rel}","templated":true}]}}